{"id":923,"date":"2019-02-27T18:04:43","date_gmt":"2019-02-27T17:04:43","guid":{"rendered":"https:\/\/artesaniamantasdelana.com\/?page_id=923"},"modified":"2025-10-20T10:14:19","modified_gmt":"2025-10-20T09:14:19","slug":"politica-de-privacidad","status":"publish","type":"page","link":"https:\/\/artesaniamantasdelana.com\/ca\/politica-de-privacidad\/","title":{"rendered":"Pol\u00edtica de Privacidad"},"content":{"rendered":"<h4>POL\u00cdTICA DE PRIVACITAT I CONFIDENCIALITAT LOPD I LSSI<\/h4>\n<p>En compliment del que s'estableix en la Llei org\u00e0nica 3\/2018, de 5 de desembre, de Protecci\u00f3 de Dades Personals i Garantia dels Drets Digitals, en el moment en el qual un client realitza una comanda, les seves dades personals, domiciliaris i els relatius a la seva forma de pagament, s\u00f3n incorporats a la nostra base de dades i s\u00f3n \u00fanicament utilitzats per a tramitar la comanda i enviar-li informaci\u00f3 sobre ofertes i serveis que puguin resultar-li d'inter\u00e8s.<\/p>\n<p>La F\u00e0brica assegura la confidencialitat de les dades aportades pels nostres clients i garanteix que en cap cas seran cedits a terceres persones.<\/p>\n<p>En tot moment els clients d'artesan\u00edamantasdelana.com podran exercitar els drets d'acc\u00e9s, rectificaci\u00f3, cancel\u00b7laci\u00f3 i oposici\u00f3, comunicant-ho per escrit a la nostra adre\u00e7a de correu electr\u00f2nic lafabricademantas@artesaniamantasdelana.com<\/p>","protected":false},"excerpt":{"rendered":"<p>POL\u00cdTICA DE PRIVACIDAD Y CONFIDENCIALIDAD LOPD Y LSSI En cumplimiento de lo establecido en la Ley Org\u00e1nica 3\/2018, de 5 de diciembre, de Protecci\u00f3n de Datos Personales y Garant\u00eda de los Derechos Digitales, en el momento en el que un cliente realiza un pedido, sus datos personales, domiciliarios y los relativos a su forma de [&hellip;]<\/p>\n","protected":false},"author":1,"featured_media":0,"parent":0,"menu_order":0,"comment_status":"closed","ping_status":"closed","template":"","meta":{"footnotes":""},"class_list":["post-923","page","type-page","status-publish","hentry"],"_links":{"self":[{"href":"https:\/\/artesaniamantasdelana.com\/ca\/wp-json\/wp\/v2\/pages\/923","targetHints":{"allow":["GET"]}}],"collection":[{"href":"https:\/\/artesaniamantasdelana.com\/ca\/wp-json\/wp\/v2\/pages"}],"about":[{"href":"https:\/\/artesaniamantasdelana.com\/ca\/wp-json\/wp\/v2\/types\/page"}],"author":[{"embeddable":true,"href":"https:\/\/artesaniamantasdelana.com\/ca\/wp-json\/wp\/v2\/users\/1"}],"replies":[{"embeddable":true,"href":"https:\/\/artesaniamantasdelana.com\/ca\/wp-json\/wp\/v2\/comments?post=923"}],"version-history":[{"count":0,"href":"https:\/\/artesaniamantasdelana.com\/ca\/wp-json\/wp\/v2\/pages\/923\/revisions"}],"wp:attachment":[{"href":"https:\/\/artesaniamantasdelana.com\/ca\/wp-json\/wp\/v2\/media?parent=923"}],"curies":[{"name":"wp","href":"https:\/\/api.w.org\/{rel}","templated":true}]}}

Política de Privacidad

<h4>POLÍTICA DE PRIVACITAT I CONFIDENCIALITAT LOPD I LSSI</h4>
<p>En compliment del que s'estableix en la Llei orgànica 3/2018, de 5 de desembre, de Protecció de Dades Personals i Garantia dels Drets Digitals, en el moment en el qual un client realitza una comanda, les seves dades personals, domiciliaris i els relatius a la seva forma de pagament, són incorporats a la nostra base de dades i són únicament utilitzats per a tramitar la comanda i enviar-li informació sobre ofertes i serveis que puguin resultar-li d'interès.</p>
<p>La Fàbrica assegura la confidencialitat de les dades aportades pels nostres clients i garanteix que en cap cas seran cedits a terceres persones.</p>
<p>En tot moment els clients d'artesaníamantasdelana.com podran exercitar els drets d'accés, rectificació, cancel·lació i oposició, comunicant-ho per escrit a la nostra adreça de correu electrònic lafabricademantas@artesaniamantasdelana.com</p>

<p>POLÍTICA DE PRIVACIDAD Y CONFIDENCIALIDAD LOPD Y LSSI En cumplimiento de lo establecido en la Ley Orgánica 3/2018, de 5 de diciembre, de Protección de Datos Personales y Garantía de los Derechos Digitales, en el momento en el que un cliente realiza un pedido, sus datos personales, domiciliarios y los relativos a su forma de [&hellip;]</p>
