{"id":1109,"date":"2021-01-17T19:54:28","date_gmt":"2021-01-17T18:54:28","guid":{"rendered":"https:\/\/artesaniamantasdelana.com\/?post_type=product&#038;p=1109"},"modified":"2025-11-02T21:29:53","modified_gmt":"2025-11-02T20:29:53","slug":"manta-de-lana-para-cama-de-90-105-135-150-180-y-210-modelo-ribagorza-400-g-m2","status":"publish","type":"product","link":"https:\/\/artesaniamantasdelana.com\/ca\/manta-de-lana-para-cama-de-90-105-135-150-180-y-210-modelo-ribagorza-400-g-m2\/","title":{"rendered":"Manta de Llana per a Llit Model Ribagor\u00e7a"},"content":{"rendered":"<h3>Una her\u00e8ncia que t'abra\u00e7a<\/h3>\n<p>M\u00e9s que una manta, la Ribargor\u00e7a \u00e9s una her\u00e8ncia teixida. Va ser una aliada indispensable per als pastors i ve\u00efns del Pirineu, la utilitzaven per a abrigar-se del fred en els seus trajectes entre pobles, en les llargues jornades de treball o com a manta de viatge. Representa una manera de viure i resistir: un homenatge a l'autosufici\u00e8ncia, l'arrelament i el respecte per l'entorn.<\/p>\n<p>Els qui habiten la comarca encara la recorden i la continuen triant amb orgull. Avui, la Ribargor\u00e7a es transforma en una pe\u00e7a per a la llar que conserva intacte el seu esperit. La seva resist\u00e8ncia, calidesa i bellesa la converteixen en un objecte funcional i durador, carregat de mem\u00f2ria.<\/p>\n<p>Present en moltes llars, uneix generacions i arrels, acompanyant als qui parteixen del poble com a s\u00edmbol d'identitat i llegat. Ideal per al dormitori, aporta autenticitat i eleg\u00e0ncia natural. Un regal amb hist\u00f2ria, una pe\u00e7a que transmet mem\u00f2ria i emoci\u00f3.<\/p>","protected":false},"excerpt":{"rendered":"<p>Manta de llana per a llit Ribagor\u00e7a: teixida amb llana pura 100%, en els tons naturals del vell\u00f3 d\u2019ovella \u2014blanc i negre\u2014. El seu caracter\u00edstic quadre petit \u00e9s l\u2019emblema d\u2019una tradici\u00f3 que continua viva. Hereva del tapaboques, utilitzat durant generacions com a pe\u00e7a d\u2019abric essencial en la vida rural, aquesta manta es reinventa ara en la seva versi\u00f3 per a llit. Gaudeix de la calidesa i l\u2019autenticitat de sempre.<\/p>","protected":false},"featured_media":5547,"comment_status":"closed","ping_status":"closed","template":"","meta":[],"product_brand":[],"product_cat":[70],"product_tag":[74],"class_list":{"0":"post-1109","1":"product","2":"type-product","3":"status-publish","4":"has-post-thumbnail","6":"product_cat-mantas-de-lana-para-cama","7":"product_tag-destacado","8":"pa_medidas-manta-cama-lana-160-x-240-cama-90","9":"pa_medidas-manta-cama-lana-180-x-240-cama-105","10":"pa_medidas-manta-cama-lana-220x240-cama-135","11":"pa_medidas-manta-cama-lana-240x240-cama-150","12":"pa_medidas-manta-cama-lana-260x240-cama-180","13":"pa_medidas-manta-cama-lana-280x240-cama-210","15":"first","16":"instock","17":"taxable","18":"shipping-taxable","19":"purchasable","20":"product-type-variable","21":"rtwpvg-product"},"gallery_images":[5548,5545,5549],"_links":{"self":[{"href":"https:\/\/artesaniamantasdelana.com\/ca\/wp-json\/wp\/v2\/product\/1109","targetHints":{"allow":["GET"]}}],"collection":[{"href":"https:\/\/artesaniamantasdelana.com\/ca\/wp-json\/wp\/v2\/product"}],"about":[{"href":"https:\/\/artesaniamantasdelana.com\/ca\/wp-json\/wp\/v2\/types\/product"}],"replies":[{"embeddable":true,"href":"https:\/\/artesaniamantasdelana.com\/ca\/wp-json\/wp\/v2\/comments?post=1109"}],"wp:featuredmedia":[{"embeddable":true,"href":"https:\/\/artesaniamantasdelana.com\/ca\/wp-json\/wp\/v2\/media\/5547"}],"wp:attachment":[{"href":"https:\/\/artesaniamantasdelana.com\/ca\/wp-json\/wp\/v2\/media?parent=1109"}],"wp:term":[{"taxonomy":"product_brand","embeddable":true,"href":"https:\/\/artesaniamantasdelana.com\/ca\/wp-json\/wp\/v2\/product_brand?post=1109"},{"taxonomy":"product_cat","embeddable":true,"href":"https:\/\/artesaniamantasdelana.com\/ca\/wp-json\/wp\/v2\/product_cat?post=1109"},{"taxonomy":"product_tag","embeddable":true,"href":"https:\/\/artesaniamantasdelana.com\/ca\/wp-json\/wp\/v2\/product_tag?post=1109"}],"curies":[{"name":"wp","href":"https:\/\/api.w.org\/{rel}","templated":true}]}}

Manta de Llana per a Llit Model Ribagorça

<h3>Una herència que t'abraça</h3>
<p>Més que una manta, la Ribargorça és una herència teixida. Va ser una aliada indispensable per als pastors i veïns del Pirineu, la utilitzaven per a abrigar-se del fred en els seus trajectes entre pobles, en les llargues jornades de treball o com a manta de viatge. Representa una manera de viure i resistir: un homenatge a l'autosuficiència, l'arrelament i el respecte per l'entorn.</p>
<p>Els qui habiten la comarca encara la recorden i la continuen triant amb orgull. Avui, la Ribargorça es transforma en una peça per a la llar que conserva intacte el seu esperit. La seva resistència, calidesa i bellesa la converteixen en un objecte funcional i durador, carregat de memòria.</p>
<p>Present en moltes llars, uneix generacions i arrels, acompanyant als qui parteixen del poble com a símbol d'identitat i llegat. Ideal per al dormitori, aporta autenticitat i elegància natural. Un regal amb història, una peça que transmet memòria i emoció.</p>

<p>Manta de llana per a llit Ribagorça: teixida amb llana pura 100%, en els tons naturals del velló d’ovella —blanc i negre—. El seu característic quadre petit és l’emblema d’una tradició que continua viva. Hereva del tapaboques, utilitzat durant generacions com a peça d’abric essencial en la vida rural, aquesta manta es reinventa ara en la seva versió per a llit. Gaudeix de la calidesa i l’autenticitat de sempre.</p>
