{"id":3495,"date":"2025-09-10T07:26:23","date_gmt":"2025-09-10T06:26:23","guid":{"rendered":"https:\/\/artesaniamantasdelana.com\/?post_type=product&#038;p=3495"},"modified":"2026-03-30T11:10:40","modified_gmt":"2026-03-30T10:10:40","slug":"manta-de-lana-ribagorza","status":"publish","type":"product","link":"https:\/\/artesaniamantasdelana.com\/ca\/manta-de-lana-ribagorza\/","title":{"rendered":"Manta de Llana Ribagor\u00e7a"},"content":{"rendered":"<h3 data-start=\"413\" data-end=\"1124\">Una her\u00e8ncia que t'abra\u00e7a<\/h3>\n<p data-start=\"413\" data-end=\"1124\" class=\"translation-block\">M\u00e9s que una manta, la Ribagor\u00e7a \u00e9s her\u00e8ncia teixida. Va ser una pe\u00e7a imprescindible per a la poblaci\u00f3 rural per sobreviure als hiverns del Pirineu: servia per caminar entre pobles, abrigar-se durant les llargues jornades de feina o, fins i tot, com a manta de viatge. Avui, qui habita la zona la recorda i continua escollint-la amb orgull i afecte. Perqu\u00e8 \u00e9s s\u00edmbol d\u2019una manera de viure, un homenatge a l\u2019autosufici\u00e8ncia, les arrels i el respecte per l'entorn.<\/p>\n<p data-start=\"413\" data-end=\"1124\" class=\"translation-block\">La Ribagor\u00e7a es reinventa com a pe\u00e7a decorativa o complement vers\u00e0til per a la llar, conservant intacte el seu esperit. La seva resist\u00e8ncia, calidesa i bellesa la converteixen en una pe\u00e7a funcional, perdurable i carregada d\u2019emoci\u00f3. Present a totes les llars de la zona, uneix generacions i arrels, acompanyant aquells que marxen del poble com a s\u00edmbol d\u2019identitat, mem\u00f2ria i llegat.<\/p>\n<p data-start=\"413\" data-end=\"1124\" class=\"translation-block\">Ideal per al sof\u00e0, el dormitori o exteriors, aporta autenticitat i eleg\u00e0ncia natural. Una manta amb \u00e0nima, un regal amb hist\u00f2ria.<\/p>\n<ul data-start=\"1126\" data-end=\"1399\" data-is-last-node=\"\" data-is-only-node=\"\">\n<li data-start=\"1126\" data-end=\"1399\" data-is-last-node=\"\">\n<p data-start=\"1128\" data-end=\"1399\" data-is-last-node=\"\">Per qu\u00e8 triar <strong data-start=\"1143\" data-end=\"1156\">Ribagor\u00e7a<\/strong>: llana 100% \u2022 quadre petit amb encant tradicional \u2022 abric confortable 400 g\/m\u00b2 \u2022 s\u00edmbol d\u2019identitat, mem\u00f2ria i llegat \u2022 pe\u00e7a decorativa, complement vers\u00e0til.<\/p>\n<\/li>\n<\/ul>","protected":false},"excerpt":{"rendered":"<p>Viu la tradici\u00f3 amb la <strong data-start=\"70\" data-end=\"97\">Manta de Llana Ribagor\u00e7a<\/strong>: t<span style=\"font-weight: 400;\">eixida amb <strong>pura llana 100%<\/strong>, amb els tons naturals del vell\u00f3 de l'ovella - blanc i negre -, el seu quadre petit i el serrell als extrems s\u00f3n senyal d'identitat d'una <strong>tradici\u00f3<\/strong> que segueix viva. En el seu origen s'utilitzava com una bufanda, desplegant-se segons les necessitats del fred. Per aix\u00f2, se la coneix popularment com a <strong>tapaboques<\/strong>.\u00a0<\/span><\/p>","protected":false},"featured_media":3519,"comment_status":"open","ping_status":"closed","template":"","meta":[],"product_brand":[],"product_cat":[67,757],"product_tag":[74],"class_list":{"0":"post-3495","1":"product","2":"type-product","3":"status-publish","4":"has-post-thumbnail","6":"product_cat-mantas-viaje-pastor","7":"product_cat-mantas-lana-para-cama","8":"product_tag-destacado","9":"pa_medidas-manta-cama-lana-160-x-240-cama-90","10":"pa_medidas-manta-lana-manta-de-lana-de-160x180","11":"pa_medidas-manta-lana-manta-de-lana-de-160x240","13":"first","14":"instock","15":"taxable","16":"shipping-taxable","17":"purchasable","18":"product-type-variable","19":"rtwpvg-product"},"gallery_images":[4734,4735,4736],"_links":{"self":[{"href":"https:\/\/artesaniamantasdelana.com\/ca\/wp-json\/wp\/v2\/product\/3495","targetHints":{"allow":["GET"]}}],"collection":[{"href":"https:\/\/artesaniamantasdelana.com\/ca\/wp-json\/wp\/v2\/product"}],"about":[{"href":"https:\/\/artesaniamantasdelana.com\/ca\/wp-json\/wp\/v2\/types\/product"}],"replies":[{"embeddable":true,"href":"https:\/\/artesaniamantasdelana.com\/ca\/wp-json\/wp\/v2\/comments?post=3495"}],"wp:featuredmedia":[{"embeddable":true,"href":"https:\/\/artesaniamantasdelana.com\/ca\/wp-json\/wp\/v2\/media\/3519"}],"wp:attachment":[{"href":"https:\/\/artesaniamantasdelana.com\/ca\/wp-json\/wp\/v2\/media?parent=3495"}],"wp:term":[{"taxonomy":"product_brand","embeddable":true,"href":"https:\/\/artesaniamantasdelana.com\/ca\/wp-json\/wp\/v2\/product_brand?post=3495"},{"taxonomy":"product_cat","embeddable":true,"href":"https:\/\/artesaniamantasdelana.com\/ca\/wp-json\/wp\/v2\/product_cat?post=3495"},{"taxonomy":"product_tag","embeddable":true,"href":"https:\/\/artesaniamantasdelana.com\/ca\/wp-json\/wp\/v2\/product_tag?post=3495"}],"curies":[{"name":"wp","href":"https:\/\/api.w.org\/{rel}","templated":true}]}}

Manta de Llana Ribagorça

<h3 data-start="413" data-end="1124">Una herència que t'abraça</h3>
<p data-start="413" data-end="1124" class="translation-block">Més que una manta, la Ribagorça és herència teixida. Va ser una peça imprescindible per a la població rural per sobreviure als hiverns del Pirineu: servia per caminar entre pobles, abrigar-se durant les llargues jornades de feina o, fins i tot, com a manta de viatge. Avui, qui habita la zona la recorda i continua escollint-la amb orgull i afecte. Perquè és símbol d’una manera de viure, un homenatge a l’autosuficiència, les arrels i el respecte per l'entorn.</p>
<p data-start="413" data-end="1124" class="translation-block">La Ribagorça es reinventa com a peça decorativa o complement versàtil per a la llar, conservant intacte el seu esperit. La seva resistència, calidesa i bellesa la converteixen en una peça funcional, perdurable i carregada d’emoció. Present a totes les llars de la zona, uneix generacions i arrels, acompanyant aquells que marxen del poble com a símbol d’identitat, memòria i llegat.</p>
<p data-start="413" data-end="1124" class="translation-block">Ideal per al sofà, el dormitori o exteriors, aporta autenticitat i elegància natural. Una manta amb ànima, un regal amb història.</p>
<ul data-start="1126" data-end="1399" data-is-last-node="" data-is-only-node="">
<li data-start="1126" data-end="1399" data-is-last-node="">
<p data-start="1128" data-end="1399" data-is-last-node="">Per què triar <strong data-start="1143" data-end="1156">Ribagorça</strong>: llana 100% • quadre petit amb encant tradicional • abric confortable 400 g/m² • símbol d’identitat, memòria i llegat • peça decorativa, complement versàtil.</p>
</li>
</ul>

<p>Viu la tradició amb la <strong data-start="70" data-end="97">Manta de Llana Ribagorça</strong>: t<span style="font-weight: 400;">eixida amb <strong>pura llana 100%</strong>, amb els tons naturals del velló de l'ovella - blanc i negre -, el seu quadre petit i el serrell als extrems són senyal d'identitat d'una <strong>tradició</strong> que segueix viva. En el seu origen s'utilitzava com una bufanda, desplegant-se segons les necessitats del fred. Per això, se la coneix popularment com a <strong>tapaboques</strong>. </span></p>
