{"id":3561,"date":"2025-09-10T07:27:00","date_gmt":"2025-09-10T06:27:00","guid":{"rendered":"https:\/\/artesaniamantasdelana.com\/?post_type=product&#038;p=3561"},"modified":"2025-10-23T17:23:19","modified_gmt":"2025-10-23T16:23:19","slug":"calcetin-alta-ribagorza","status":"publish","type":"product","link":"https:\/\/artesaniamantasdelana.com\/ca\/calcetin-alta-ribagorza\/","title":{"rendered":"Mitj\u00f3 de Llana Model Alta Ribargor\u00e7a"},"content":{"rendered":"<p data-start=\"0\" data-end=\"329\">Abra\u00e7a el confort de casa amb el mitj\u00f3 de llana Alta Ribargor\u00e7a: un disseny que evoca la calma de la muntanya i converteix cada pas en un petit plaer. La seva sola <strong data-start=\"183\" data-end=\"201\">antilliscant<\/strong> aporta seguretat en s\u00f2ls llisos, mentre que el teixit abra\u00e7a el peu amb suavitat i un ajust flexible que no estreny.<\/p>\n<p data-start=\"331\" data-end=\"500\">Pensats per a tardes de sof\u00e0, matins freds o per a regalar, aquests mitjons combinen estil i\nfuncionalitat perqu\u00e8 gaudeixis de la llar amb m\u00e9s calidesa i tranquil\u00b7litat.<\/p>\n<ul data-start=\"502\" data-end=\"775\" data-is-last-node=\"\" data-is-only-node=\"\">\n<li data-start=\"502\" data-end=\"775\" data-is-last-node=\"\">\n<p data-start=\"504\" data-end=\"775\" data-is-last-node=\"\">Per qu\u00e8 t\u2019encantar\u00e0: disseny f\u00e0cil de combinar \u2022 sola antilliscant per caminar amb seguretat \u2022 tacte suau i c\u00e0lid que no pica \u2022 ajust c\u00f2mode i el\u00e0stic \u2022\ncomposici\u00f3: Llana 42%, Poli\u00e8ster 19%, Acr\u00edlic 15%, Poliamida 13%, Viscosa 8%, Elast\u00e0 3%<\/p>\n<\/li>\n<\/ul>","protected":false},"excerpt":{"rendered":"<p>Acarona els teus peus a casa amb aquests mitjons, pensats per a oferir m\u00e0xima comoditat i una trepitjada segura gr\u00e0cies a la seva sola antilliscant. Disponibles en blanc o gris, confeccionats amb fibres que aporten calor, suavitat i un ajust flexible per a gaudir de la llar sense preocupacions.<\/p>","protected":false},"featured_media":3580,"comment_status":"closed","ping_status":"closed","template":"","meta":[],"product_brand":[],"product_cat":[84],"product_tag":[],"class_list":{"0":"post-3561","1":"product","2":"type-product","3":"status-publish","4":"has-post-thumbnail","6":"product_cat-calcetines-lana","7":"pa_tallas-calcetines-19-22","8":"pa_tallas-calcetines-23-26","9":"pa_tallas-calcetines-27-30","10":"pa_tallas-calcetines-31-34","11":"pa_tallas-calcetines-35-38","12":"pa_tallas-calcetines-39-42","13":"pa_tallas-calcetines-43-46","15":"first","16":"instock","17":"taxable","18":"shipping-taxable","19":"purchasable","20":"product-type-variable","21":"rtwpvg-product"},"gallery_images":[3583,3584,3586],"_links":{"self":[{"href":"https:\/\/artesaniamantasdelana.com\/ca\/wp-json\/wp\/v2\/product\/3561","targetHints":{"allow":["GET"]}}],"collection":[{"href":"https:\/\/artesaniamantasdelana.com\/ca\/wp-json\/wp\/v2\/product"}],"about":[{"href":"https:\/\/artesaniamantasdelana.com\/ca\/wp-json\/wp\/v2\/types\/product"}],"replies":[{"embeddable":true,"href":"https:\/\/artesaniamantasdelana.com\/ca\/wp-json\/wp\/v2\/comments?post=3561"}],"wp:featuredmedia":[{"embeddable":true,"href":"https:\/\/artesaniamantasdelana.com\/ca\/wp-json\/wp\/v2\/media\/3580"}],"wp:attachment":[{"href":"https:\/\/artesaniamantasdelana.com\/ca\/wp-json\/wp\/v2\/media?parent=3561"}],"wp:term":[{"taxonomy":"product_brand","embeddable":true,"href":"https:\/\/artesaniamantasdelana.com\/ca\/wp-json\/wp\/v2\/product_brand?post=3561"},{"taxonomy":"product_cat","embeddable":true,"href":"https:\/\/artesaniamantasdelana.com\/ca\/wp-json\/wp\/v2\/product_cat?post=3561"},{"taxonomy":"product_tag","embeddable":true,"href":"https:\/\/artesaniamantasdelana.com\/ca\/wp-json\/wp\/v2\/product_tag?post=3561"}],"curies":[{"name":"wp","href":"https:\/\/api.w.org\/{rel}","templated":true}]}}

Mitjó de Llana Model Alta Ribargorça

<p data-start="0" data-end="329">Abraça el confort de casa amb el mitjó de llana Alta Ribargorça: un disseny que evoca la calma de la muntanya i converteix cada pas en un petit plaer. La seva sola <strong data-start="183" data-end="201">antilliscant</strong> aporta seguretat en sòls llisos, mentre que el teixit abraça el peu amb suavitat i un ajust flexible que no estreny.</p>
<p data-start="331" data-end="500">Pensats per a tardes de sofà, matins freds o per a regalar, aquests mitjons combinen estil i
funcionalitat perquè gaudeixis de la llar amb més calidesa i tranquil·litat.</p>
<ul data-start="502" data-end="775" data-is-last-node="" data-is-only-node="">
<li data-start="502" data-end="775" data-is-last-node="">
<p data-start="504" data-end="775" data-is-last-node="">Per què t’encantarà: disseny fàcil de combinar • sola antilliscant per caminar amb seguretat • tacte suau i càlid que no pica • ajust còmode i elàstic •
composició: Llana 42%, Polièster 19%, Acrílic 15%, Poliamida 13%, Viscosa 8%, Elastà 3%</p>
</li>
</ul>

<p>Acarona els teus peus a casa amb aquests mitjons, pensats per a oferir màxima comoditat i una trepitjada segura gràcies a la seva sola antilliscant. Disponibles en blanc o gris, confeccionats amb fibres que aporten calor, suavitat i un ajust flexible per a gaudir de la llar sense preocupacions.</p>
