{"id":3562,"date":"2025-09-10T07:27:00","date_gmt":"2025-09-10T06:27:00","guid":{"rendered":"https:\/\/artesaniamantasdelana.com\/?post_type=product&#038;p=3562"},"modified":"2025-10-22T16:04:52","modified_gmt":"2025-10-22T15:04:52","slug":"calcetin-lana-grueso","status":"publish","type":"product","link":"https:\/\/artesaniamantasdelana.com\/ca\/calcetin-lana-grueso\/","title":{"rendered":"Mitj\u00f3 de Llana Model Gruixut"},"content":{"rendered":"<p data-start=\"362\" data-end=\"793\">Si busques calor real i confort de veritat, el <strong>Mitj\u00f3 de Llana Gruixut<\/strong>\u00a0\u00e9s el teu parell. Fabricat exclusivament amb llana blanca <strong data-start=\"508\" data-end=\"524\">100% natural<\/strong>, sense tints ni colorants, ofereix un abric c\u00e0lid i agradable que regula la temperatura i deixa respirar el peu. El seu tacte suau i l'ajust c\u00f2mode el converteixen en un b\u00e0sic imprescindible per a l'hivern, perfecte tant per al dia a dia com per a moments de descans.<\/p>\n<p data-start=\"795\" data-end=\"1045\">Dissenyat per als qui valoren el que \u00e9s natural i perdura, aquest mitj\u00f3 abra\u00e7a el peu sense oprimir i mant\u00e9 la sensaci\u00f3 de sec durant hores. Minimalista, sostenible i llest per a acompanyar-te en jornades fredes, \u00e9s aquest parell que sempre ve de gust posar-se.<\/p>\n<ul data-start=\"1047\" data-end=\"1263\" data-is-last-node=\"\" data-is-only-node=\"\">\n<li data-start=\"1047\" data-end=\"1263\" data-is-last-node=\"\">\n<p data-start=\"1049\" data-end=\"1263\" data-is-last-node=\"\" class=\"translation-block\">Per qu\u00e8 t\u2019encantar\u00e0: escalfor aut\u00e8ntica sense picors \u2022 tacte suau i transpirable \u2022 0% tints ni colorants (nom\u00e9s llana pura) \u2022 ajust c\u00f2mode que no\nestreny \u2022 mitjons per a la circulaci\u00f3 \u2022 ideal per a pell sensible \u2022 composici\u00f3: Llana 100%<\/p>\n<\/li>\n<\/ul>","protected":false},"excerpt":{"rendered":"<p>Mitjons de llana blanca 100% naturals, perfectes per a mantenir la calor a l'hivern. Proporcionen m\u00e0xima comoditat i abric sense tints ni colorants, nom\u00e9s pura llana per a una experi\u00e8ncia c\u00e0lida i natural.<\/p>\n<p class=\"translation-block\">Composici\u00f3:\n\n\nLlana 100 %<\/p>","protected":false},"featured_media":3587,"comment_status":"closed","ping_status":"closed","template":"","meta":[],"product_brand":[],"product_cat":[84],"product_tag":[],"class_list":{"0":"post-3562","1":"product","2":"type-product","3":"status-publish","4":"has-post-thumbnail","6":"product_cat-calcetines-lana","7":"pa_tallas-calcetines-38-42","8":"pa_tallas-calcetines-43-46","10":"first","11":"instock","12":"taxable","13":"shipping-taxable","14":"purchasable","15":"product-type-variable","16":"rtwpvg-product"},"gallery_images":[3588,3589,3590],"_links":{"self":[{"href":"https:\/\/artesaniamantasdelana.com\/ca\/wp-json\/wp\/v2\/product\/3562","targetHints":{"allow":["GET"]}}],"collection":[{"href":"https:\/\/artesaniamantasdelana.com\/ca\/wp-json\/wp\/v2\/product"}],"about":[{"href":"https:\/\/artesaniamantasdelana.com\/ca\/wp-json\/wp\/v2\/types\/product"}],"replies":[{"embeddable":true,"href":"https:\/\/artesaniamantasdelana.com\/ca\/wp-json\/wp\/v2\/comments?post=3562"}],"wp:featuredmedia":[{"embeddable":true,"href":"https:\/\/artesaniamantasdelana.com\/ca\/wp-json\/wp\/v2\/media\/3587"}],"wp:attachment":[{"href":"https:\/\/artesaniamantasdelana.com\/ca\/wp-json\/wp\/v2\/media?parent=3562"}],"wp:term":[{"taxonomy":"product_brand","embeddable":true,"href":"https:\/\/artesaniamantasdelana.com\/ca\/wp-json\/wp\/v2\/product_brand?post=3562"},{"taxonomy":"product_cat","embeddable":true,"href":"https:\/\/artesaniamantasdelana.com\/ca\/wp-json\/wp\/v2\/product_cat?post=3562"},{"taxonomy":"product_tag","embeddable":true,"href":"https:\/\/artesaniamantasdelana.com\/ca\/wp-json\/wp\/v2\/product_tag?post=3562"}],"curies":[{"name":"wp","href":"https:\/\/api.w.org\/{rel}","templated":true}]}}

Mitjó de Llana Model Gruixut

<p data-start="362" data-end="793">Si busques calor real i confort de veritat, el <strong>Mitjó de Llana Gruixut</strong> és el teu parell. Fabricat exclusivament amb llana blanca <strong data-start="508" data-end="524">100% natural</strong>, sense tints ni colorants, ofereix un abric càlid i agradable que regula la temperatura i deixa respirar el peu. El seu tacte suau i l'ajust còmode el converteixen en un bàsic imprescindible per a l'hivern, perfecte tant per al dia a dia com per a moments de descans.</p>
<p data-start="795" data-end="1045">Dissenyat per als qui valoren el que és natural i perdura, aquest mitjó abraça el peu sense oprimir i manté la sensació de sec durant hores. Minimalista, sostenible i llest per a acompanyar-te en jornades fredes, és aquest parell que sempre ve de gust posar-se.</p>
<ul data-start="1047" data-end="1263" data-is-last-node="" data-is-only-node="">
<li data-start="1047" data-end="1263" data-is-last-node="">
<p data-start="1049" data-end="1263" data-is-last-node="" class="translation-block">Per què t’encantarà: escalfor autèntica sense picors • tacte suau i transpirable • 0% tints ni colorants (només llana pura) • ajust còmode que no
estreny • mitjons per a la circulació • ideal per a pell sensible • composició: Llana 100%</p>
</li>
</ul>

<p>Mitjons de llana blanca 100% naturals, perfectes per a mantenir la calor a l'hivern. Proporcionen màxima comoditat i abric sense tints ni colorants, només pura llana per a una experiència càlida i natural.</p>
<p class="translation-block">Composició:


Llana 100 %</p>
