{"id":3565,"date":"2025-09-10T07:27:00","date_gmt":"2025-09-10T06:27:00","guid":{"rendered":"https:\/\/artesaniamantasdelana.com\/?post_type=product&#038;p=3565"},"modified":"2025-10-14T09:40:24","modified_gmt":"2025-10-14T08:40:24","slug":"calcetin-trekking","status":"publish","type":"product","link":"https:\/\/artesaniamantasdelana.com\/ca\/calcetin-trekking\/","title":{"rendered":"Mitj\u00f3 de Llana Model Trekking"},"content":{"rendered":"<p data-start=\"319\" data-end=\"794\">Quan el desnivell estreny, necessites un mitj\u00f3 que respongui. El <strong data-start=\"410\" data-end=\"436\">Mitj\u00f3 Cam\u00ed Ferm<\/strong> combina llana per a una calor agradable, acr\u00edlic i poliamida per a major durabilitat i assecat \u00e0gil, i elastans per a un ajust estable que mant\u00e9 el mitj\u00f3 en el seu lloc. Resultat: trepitjada c\u00f2moda, estable i sense mol\u00e8sties, des de travessies curtes fins a rutes de diverses hores. Lleuger, t\u00e8rmic i fiable, \u00e9s el company que la teva bota de muntanya estava esperant.<\/p>\n<ul data-start=\"796\" data-end=\"1050\" data-is-last-node=\"\" data-is-only-node=\"\">\n<li data-start=\"796\" data-end=\"1050\" data-is-last-node=\"\">\n<p data-start=\"798\" data-end=\"1050\" data-is-last-node=\"\">Per qu\u00e8 triar-lo? escalfor constant en climes freds \u2022 comoditat duradora que ajuda a evitar r\u00f2ssecs \u2022 resist\u00e8ncia per a camins exigents \u2022 ajust ferm i\nflexible que no s\u2019abaixa \u2022 composici\u00f3: Llana 35%, Acr\u00edlic 35%, Poliamida 25%, Elast\u00e0 4%<strong data-start=\"983\" data-end=\"999\">:<\/strong> .<\/p>\n<\/li>\n<\/ul>","protected":false},"excerpt":{"rendered":"<p data-start=\"19\" data-end=\"317\">Puja de nivell les teves rutes amb el <strong data-start=\"74\" data-end=\"100\">Mitj\u00f3 Cam\u00ed Ferm<\/strong>: pensat per a trekking i senderisme, ofereix calidesa, comoditat i resist\u00e8ncia en cada pas. El seu ajust estable ajuda a prevenir rascades i butllofes perqu\u00e8 gaudeixis m\u00e9s del cam\u00ed. Equipa't\ni trepitja amb confian\u00e7a a la muntanya!<\/p>","protected":false},"featured_media":3591,"comment_status":"closed","ping_status":"closed","template":"","meta":[],"product_brand":[],"product_cat":[84],"product_tag":[],"class_list":{"0":"post-3565","1":"product","2":"type-product","3":"status-publish","4":"has-post-thumbnail","6":"product_cat-calcetines-lana","7":"pa_tallas-calcetines-39-42","8":"pa_tallas-calcetines-43-46","10":"first","11":"instock","12":"taxable","13":"shipping-taxable","14":"purchasable","15":"product-type-variable","16":"rtwpvg-product"},"gallery_images":[3592,3594,3595],"_links":{"self":[{"href":"https:\/\/artesaniamantasdelana.com\/ca\/wp-json\/wp\/v2\/product\/3565","targetHints":{"allow":["GET"]}}],"collection":[{"href":"https:\/\/artesaniamantasdelana.com\/ca\/wp-json\/wp\/v2\/product"}],"about":[{"href":"https:\/\/artesaniamantasdelana.com\/ca\/wp-json\/wp\/v2\/types\/product"}],"replies":[{"embeddable":true,"href":"https:\/\/artesaniamantasdelana.com\/ca\/wp-json\/wp\/v2\/comments?post=3565"}],"wp:featuredmedia":[{"embeddable":true,"href":"https:\/\/artesaniamantasdelana.com\/ca\/wp-json\/wp\/v2\/media\/3591"}],"wp:attachment":[{"href":"https:\/\/artesaniamantasdelana.com\/ca\/wp-json\/wp\/v2\/media?parent=3565"}],"wp:term":[{"taxonomy":"product_brand","embeddable":true,"href":"https:\/\/artesaniamantasdelana.com\/ca\/wp-json\/wp\/v2\/product_brand?post=3565"},{"taxonomy":"product_cat","embeddable":true,"href":"https:\/\/artesaniamantasdelana.com\/ca\/wp-json\/wp\/v2\/product_cat?post=3565"},{"taxonomy":"product_tag","embeddable":true,"href":"https:\/\/artesaniamantasdelana.com\/ca\/wp-json\/wp\/v2\/product_tag?post=3565"}],"curies":[{"name":"wp","href":"https:\/\/api.w.org\/{rel}","templated":true}]}}

Mitjó de Llana Model Trekking

<p data-start="319" data-end="794">Quan el desnivell estreny, necessites un mitjó que respongui. El <strong data-start="410" data-end="436">Mitjó Camí Ferm</strong> combina llana per a una calor agradable, acrílic i poliamida per a major durabilitat i assecat àgil, i elastans per a un ajust estable que manté el mitjó en el seu lloc. Resultat: trepitjada còmoda, estable i sense molèsties, des de travessies curtes fins a rutes de diverses hores. Lleuger, tèrmic i fiable, és el company que la teva bota de muntanya estava esperant.</p>
<ul data-start="796" data-end="1050" data-is-last-node="" data-is-only-node="">
<li data-start="796" data-end="1050" data-is-last-node="">
<p data-start="798" data-end="1050" data-is-last-node="">Per què triar-lo? escalfor constant en climes freds • comoditat duradora que ajuda a evitar ròssecs • resistència per a camins exigents • ajust ferm i
flexible que no s’abaixa • composició: Llana 35%, Acrílic 35%, Poliamida 25%, Elastà 4%<strong data-start="983" data-end="999">:</strong> .</p>
</li>
</ul>

<p data-start="19" data-end="317">Puja de nivell les teves rutes amb el <strong data-start="74" data-end="100">Mitjó Camí Ferm</strong>: pensat per a trekking i senderisme, ofereix calidesa, comoditat i resistència en cada pas. El seu ajust estable ajuda a prevenir rascades i butllofes perquè gaudeixis més del camí. Equipa't
i trepitja amb confiança a la muntanya!</p>
