{"id":3597,"date":"2025-09-10T07:27:09","date_gmt":"2025-09-10T06:27:09","guid":{"rendered":"https:\/\/artesaniamantasdelana.com\/?post_type=product&#038;p=3597"},"modified":"2025-10-24T01:04:33","modified_gmt":"2025-10-24T00:04:33","slug":"manta-de-lana-lisas-para-cama-color-crudo-400-g-m2","status":"publish","type":"product","link":"https:\/\/artesaniamantasdelana.com\/ca\/manta-de-lana-lisas-para-cama-color-crudo-400-g-m2\/","title":{"rendered":"Manta de Llana Llisa per a Llit Color Cru (400 g\/m\u00b2)"},"content":{"rendered":"<h3>Minimalisme Natural, Luxe Discret<\/h3>\n<p>Vesteix el teu llit amb la puresa de la nostra manta de llana en to cru, una pe\u00e7a que fusiona tradici\u00f3 artesanal amb una est\u00e8tica contempor\u00e0nia i minimalista. El seu color natural, c\u00e0lid i neutre, aporta una sensaci\u00f3 de serenitat, convertint-se en l'aliat perfecte per a crear dormitoris relaxants, equilibrats i sofisticats. Discreta per\u00f2 significativa, transforma l'espai sense imposar-se.<\/p>\n<p>M\u00e9s enll\u00e0 de la seva funcionalitat, aquesta manta \u00e9s una declaraci\u00f3 d'estil i de vida pausada. Parla de l'essencial, del ben fet, del que perdura. Una pe\u00e7a noble, vers\u00e0til i acollidora que afegeix valor est\u00e8tic i emocional al dormitori. Senzilla, elegant i profundament atemporal, est\u00e0 feta per a acompanyar-te durant anys, convertint cada nit en una experi\u00e8ncia de benestar. Inverteix en confort i bellesa!<\/p>","protected":false},"excerpt":{"rendered":"<p>Manta de llana confeccionada amb llana natural d'alta qualitat amb un gramatge de 400 g\/m\u00b2. Acabada amb una elegant vora encintada. Aquesta manta destaca per la seva textura acollidora i la seva cuidada confecci\u00f3. El disseny llis i atemporal, juntament amb el seu to cru, actua com un fons neutre que encaixa a la perfecci\u00f3 en tota mena d'interiors aportant textura i harmonia sense recarregar l'ambient.<\/p>","protected":false},"featured_media":3626,"comment_status":"closed","ping_status":"closed","template":"","meta":[],"product_brand":[],"product_cat":[415],"product_tag":[74],"class_list":{"0":"post-3597","1":"product","2":"type-product","3":"status-publish","4":"has-post-thumbnail","6":"product_cat-mantas-lana-lisas-para-cama","7":"product_tag-destacado","8":"pa_medidas-manta-lisa-150-x-220-cama-90","9":"pa_medidas-manta-lisa-180-x-220-cama-105","10":"pa_medidas-manta-lisa-220-x-240-cama-135","11":"pa_medidas-manta-lisa-260-x-240-cama-180","12":"pa_medidas-manta-lisa-280-x-260-cama-210","14":"first","15":"instock","16":"taxable","17":"shipping-taxable","18":"purchasable","19":"product-type-variable","20":"rtwpvg-product"},"gallery_images":[4716,4715,4717,4718,4719,4713,1670],"_links":{"self":[{"href":"https:\/\/artesaniamantasdelana.com\/ca\/wp-json\/wp\/v2\/product\/3597","targetHints":{"allow":["GET"]}}],"collection":[{"href":"https:\/\/artesaniamantasdelana.com\/ca\/wp-json\/wp\/v2\/product"}],"about":[{"href":"https:\/\/artesaniamantasdelana.com\/ca\/wp-json\/wp\/v2\/types\/product"}],"replies":[{"embeddable":true,"href":"https:\/\/artesaniamantasdelana.com\/ca\/wp-json\/wp\/v2\/comments?post=3597"}],"wp:featuredmedia":[{"embeddable":true,"href":"https:\/\/artesaniamantasdelana.com\/ca\/wp-json\/wp\/v2\/media\/3626"}],"wp:attachment":[{"href":"https:\/\/artesaniamantasdelana.com\/ca\/wp-json\/wp\/v2\/media?parent=3597"}],"wp:term":[{"taxonomy":"product_brand","embeddable":true,"href":"https:\/\/artesaniamantasdelana.com\/ca\/wp-json\/wp\/v2\/product_brand?post=3597"},{"taxonomy":"product_cat","embeddable":true,"href":"https:\/\/artesaniamantasdelana.com\/ca\/wp-json\/wp\/v2\/product_cat?post=3597"},{"taxonomy":"product_tag","embeddable":true,"href":"https:\/\/artesaniamantasdelana.com\/ca\/wp-json\/wp\/v2\/product_tag?post=3597"}],"curies":[{"name":"wp","href":"https:\/\/api.w.org\/{rel}","templated":true}]}}

<h3>Minimalisme Natural, Luxe Discret</h3>
<p>Vesteix el teu llit amb la puresa de la nostra manta de llana en to cru, una peça que fusiona tradició artesanal amb una estètica contemporània i minimalista. El seu color natural, càlid i neutre, aporta una sensació de serenitat, convertint-se en l'aliat perfecte per a crear dormitoris relaxants, equilibrats i sofisticats. Discreta però significativa, transforma l'espai sense imposar-se.</p>
<p>Més enllà de la seva funcionalitat, aquesta manta és una declaració d'estil i de vida pausada. Parla de l'essencial, del ben fet, del que perdura. Una peça noble, versàtil i acollidora que afegeix valor estètic i emocional al dormitori. Senzilla, elegant i profundament atemporal, està feta per a acompanyar-te durant anys, convertint cada nit en una experiència de benestar. Inverteix en confort i bellesa!</p>

<p>Manta de llana confeccionada amb llana natural d'alta qualitat amb un gramatge de 400 g/m². Acabada amb una elegant vora encintada. Aquesta manta destaca per la seva textura acollidora i la seva cuidada confecció. El disseny llis i atemporal, juntament amb el seu to cru, actua com un fons neutre que encaixa a la perfecció en tota mena d'interiors aportant textura i harmonia sense recarregar l'ambient.</p>
