{"id":3603,"date":"2025-09-10T07:27:10","date_gmt":"2025-09-10T06:27:10","guid":{"rendered":"https:\/\/artesaniamantasdelana.com\/?post_type=product&#038;p=3603"},"modified":"2026-01-10T12:45:12","modified_gmt":"2026-01-10T11:45:12","slug":"manta-de-lana-lisas-para-cama-de-90-105-135-150-180-y-210-color-marron-400-g-m2","status":"publish","type":"product","link":"https:\/\/artesaniamantasdelana.com\/ca\/manta-de-lana-lisas-para-cama-de-90-105-135-150-180-y-210-color-marron-400-g-m2\/","title":{"rendered":"Manta de Llana Llisa per a Llit Color Marr\u00f3 (400 g\/m\u00b2)"},"content":{"rendered":"<h3>Versatilitat C\u00e0lida i Estil Atemporal<\/h3>\n<p>El color marr\u00f3, c\u00e0lid i terr\u00f3s, transmet estabilitat, equilibri i recolliment; aporta personalitat sense trencar l'harmonia de l'ambient. Gr\u00e0cies al seu disseny llis, es converteix en una pe\u00e7a atemporal que s'adapta amb facilitat a qualsevol estil decoratiu. \u00c9s vers\u00e0til per naturalesa, capa\u00e7 d'integrar-se en qualsevol espai i de mantenir-se vigent fins i tot quan tot al seu voltant canvia.<\/p>\n<p>La llana natural aporta propietats termorreguladoras: abriga en els mesos m\u00e9s freds, per\u00f2 permet una bona transpiraci\u00f3 quan la temperatura puja. Pensada per als qui valoren tant el confort com la qualitat sostenible dels materials nobles.<\/p>\n<p>La seva pres\u00e8ncia en el llit afegeix calidesa, serenitat i un toc d'estil sobri i durador. Ideal per als qui busquen envoltar-se de peces que no sols compleixen una funci\u00f3, sin\u00f3 que aporten bellesa, equilibri i benestar. Perqu\u00e8 a vegades, el m\u00e9s senzill \u00e9s el que m\u00e9s roman. Aquesta manta \u00e9s molt m\u00e9s que una soluci\u00f3 funcional: \u00e9s una invitaci\u00f3 a cuidar-te.<\/p>","protected":false},"excerpt":{"rendered":"<p data-start=\"86\" data-end=\"373\">La manta de llana llisa marr\u00f3, de 400 g\/m\u00b2, ofereix una sensaci\u00f3 acollidora i reconfortant,\nideal per a nits fredes i moments de descans profund. La seva textura ferma i el seu acabat\naporten pres\u00e8ncia i durabilitat, elevant el seu valor tant pr\u00e0ctic com est\u00e8tic. \u00c9s molt m\u00e9s que\nun simple abric: \u00e9s una pe\u00e7a clau per a viure espais acollidors i amb car\u00e0cter.<\/p>\n<p data-start=\"375\" data-end=\"759\">","protected":false},"featured_media":3632,"comment_status":"closed","ping_status":"closed","template":"","meta":[],"product_brand":[],"product_cat":[415],"product_tag":[],"class_list":{"0":"post-3603","1":"product","2":"type-product","3":"status-publish","4":"has-post-thumbnail","6":"product_cat-mantas-lana-lisas-para-cama","7":"pa_medidas-manta-lisa-150-x-220-cama-90","9":"first","10":"outofstock","11":"taxable","12":"shipping-taxable","13":"product-type-variable","14":"has-default-attributes","15":"rtwpvg-product"},"gallery_images":[4727,4728,4721,4729,4720],"_links":{"self":[{"href":"https:\/\/artesaniamantasdelana.com\/ca\/wp-json\/wp\/v2\/product\/3603","targetHints":{"allow":["GET"]}}],"collection":[{"href":"https:\/\/artesaniamantasdelana.com\/ca\/wp-json\/wp\/v2\/product"}],"about":[{"href":"https:\/\/artesaniamantasdelana.com\/ca\/wp-json\/wp\/v2\/types\/product"}],"replies":[{"embeddable":true,"href":"https:\/\/artesaniamantasdelana.com\/ca\/wp-json\/wp\/v2\/comments?post=3603"}],"wp:featuredmedia":[{"embeddable":true,"href":"https:\/\/artesaniamantasdelana.com\/ca\/wp-json\/wp\/v2\/media\/3632"}],"wp:attachment":[{"href":"https:\/\/artesaniamantasdelana.com\/ca\/wp-json\/wp\/v2\/media?parent=3603"}],"wp:term":[{"taxonomy":"product_brand","embeddable":true,"href":"https:\/\/artesaniamantasdelana.com\/ca\/wp-json\/wp\/v2\/product_brand?post=3603"},{"taxonomy":"product_cat","embeddable":true,"href":"https:\/\/artesaniamantasdelana.com\/ca\/wp-json\/wp\/v2\/product_cat?post=3603"},{"taxonomy":"product_tag","embeddable":true,"href":"https:\/\/artesaniamantasdelana.com\/ca\/wp-json\/wp\/v2\/product_tag?post=3603"}],"curies":[{"name":"wp","href":"https:\/\/api.w.org\/{rel}","templated":true}]}}

Manta de Llana Llisa per a Llit Color Marró (400 g/m²)

<h3>Versatilitat Càlida i Estil Atemporal</h3>
<p>El color marró, càlid i terrós, transmet estabilitat, equilibri i recolliment; aporta personalitat sense trencar l'harmonia de l'ambient. Gràcies al seu disseny llis, es converteix en una peça atemporal que s'adapta amb facilitat a qualsevol estil decoratiu. És versàtil per naturalesa, capaç d'integrar-se en qualsevol espai i de mantenir-se vigent fins i tot quan tot al seu voltant canvia.</p>
<p>La llana natural aporta propietats termorreguladoras: abriga en els mesos més freds, però permet una bona transpiració quan la temperatura puja. Pensada per als qui valoren tant el confort com la qualitat sostenible dels materials nobles.</p>
<p>La seva presència en el llit afegeix calidesa, serenitat i un toc d'estil sobri i durador. Ideal per als qui busquen envoltar-se de peces que no sols compleixen una funció, sinó que aporten bellesa, equilibri i benestar. Perquè a vegades, el més senzill és el que més roman. Aquesta manta és molt més que una solució funcional: és una invitació a cuidar-te.</p>

<p data-start="86" data-end="373">La manta de llana llisa marró, de 400 g/m², ofereix una sensació acollidora i reconfortant,
ideal per a nits fredes i moments de descans profund. La seva textura ferma i el seu acabat
aporten presència i durabilitat, elevant el seu valor tant pràctic com estètic. És molt més que
un simple abric: és una peça clau per a viure espais acollidors i amb caràcter.</p>
<p data-start="375" data-end="759">
