{"id":3609,"date":"2025-09-10T07:27:10","date_gmt":"2025-09-10T06:27:10","guid":{"rendered":"https:\/\/artesaniamantasdelana.com\/?post_type=product&#038;p=3609"},"modified":"2026-02-05T13:06:05","modified_gmt":"2026-02-05T12:06:05","slug":"manta-de-lana-lisas-para-cama-color-azul-400-g-m2","status":"publish","type":"product","link":"https:\/\/artesaniamantasdelana.com\/ca\/manta-de-lana-lisas-para-cama-color-azul-400-g-m2\/","title":{"rendered":"Manta de Llana Llisa per a Llit Color Blau (400 g\/m\u00b2)"},"content":{"rendered":"<h3>Inspiraci\u00f3 Pirinenca, Confort Natural<\/h3>\n<p>Dona-li vida a la teva habitaci\u00f3 amb aquesta manta de llana blava, una pe\u00e7a que no sols abriga, sin\u00f3 que tamb\u00e9 transforma l'espai amb la seva pres\u00e8ncia serena i elegant. El seu intens color blau, inspirat en el cel ser\u00e8 dels Pirineus, aporta frescor, profunditat i una sensaci\u00f3 de calma que converteix qualsevol dormitori en un refugi acollidor i ple d'estil.<\/p>\n<p>\u00c9s ideal per a crear una atmosfera relaxant, equilibrada i contempor\u00e0nia. Aporta color sense saturar, pres\u00e8ncia sense imposar-se, i textura sense trencar l'harmonia visual de l'espai. Perfecta per als qui busquen qualitat, bellesa i responsabilitat en una sola pe\u00e7a, aquesta manta de llana blava \u00e9s molt m\u00e9s que un abric per al llit: viu el teu bon gust, el benestar i la connexi\u00f3 amb l'aut\u00e8ntic.<\/p>","protected":false},"excerpt":{"rendered":"<p>La manta de Llana Llisa Blava est\u00e0 elaborada amb llana natural. Amb un gramatge de 400 g\/m\u00b2, destaca pel seu gruix i calidesa, ideal per a les nits fredes o per als qui busquen el m\u00e0xim confort. Cada detall i la qualitat del seu teixit et conviden a experimentar la calor i la calma en cada instant, convertint cada moment en un refugi de benestar.<\/p>","protected":false},"featured_media":3637,"comment_status":"closed","ping_status":"closed","template":"","meta":[],"product_brand":[],"product_cat":[415],"product_tag":[74],"class_list":{"0":"post-3609","1":"product","2":"type-product","3":"status-publish","4":"has-post-thumbnail","6":"product_cat-mantas-lana-lisas-para-cama","7":"product_tag-destacado","8":"pa_medidas-manta-lisa-220-x-240-cama-135","9":"pa_medidas-manta-lisa-260-x-240-cama-180","11":"first","12":"instock","13":"taxable","14":"shipping-taxable","15":"purchasable","16":"product-type-variable","17":"rtwpvg-product"},"gallery_images":[3638,3639,3640,4730,4732,4731],"_links":{"self":[{"href":"https:\/\/artesaniamantasdelana.com\/ca\/wp-json\/wp\/v2\/product\/3609","targetHints":{"allow":["GET"]}}],"collection":[{"href":"https:\/\/artesaniamantasdelana.com\/ca\/wp-json\/wp\/v2\/product"}],"about":[{"href":"https:\/\/artesaniamantasdelana.com\/ca\/wp-json\/wp\/v2\/types\/product"}],"replies":[{"embeddable":true,"href":"https:\/\/artesaniamantasdelana.com\/ca\/wp-json\/wp\/v2\/comments?post=3609"}],"wp:featuredmedia":[{"embeddable":true,"href":"https:\/\/artesaniamantasdelana.com\/ca\/wp-json\/wp\/v2\/media\/3637"}],"wp:attachment":[{"href":"https:\/\/artesaniamantasdelana.com\/ca\/wp-json\/wp\/v2\/media?parent=3609"}],"wp:term":[{"taxonomy":"product_brand","embeddable":true,"href":"https:\/\/artesaniamantasdelana.com\/ca\/wp-json\/wp\/v2\/product_brand?post=3609"},{"taxonomy":"product_cat","embeddable":true,"href":"https:\/\/artesaniamantasdelana.com\/ca\/wp-json\/wp\/v2\/product_cat?post=3609"},{"taxonomy":"product_tag","embeddable":true,"href":"https:\/\/artesaniamantasdelana.com\/ca\/wp-json\/wp\/v2\/product_tag?post=3609"}],"curies":[{"name":"wp","href":"https:\/\/api.w.org\/{rel}","templated":true}]}}

<h3>Inspiració Pirinenca, Confort Natural</h3>
<p>Dona-li vida a la teva habitació amb aquesta manta de llana blava, una peça que no sols abriga, sinó que també transforma l'espai amb la seva presència serena i elegant. El seu intens color blau, inspirat en el cel serè dels Pirineus, aporta frescor, profunditat i una sensació de calma que converteix qualsevol dormitori en un refugi acollidor i ple d'estil.</p>
<p>És ideal per a crear una atmosfera relaxant, equilibrada i contemporània. Aporta color sense saturar, presència sense imposar-se, i textura sense trencar l'harmonia visual de l'espai. Perfecta per als qui busquen qualitat, bellesa i responsabilitat en una sola peça, aquesta manta de llana blava és molt més que un abric per al llit: viu el teu bon gust, el benestar i la connexió amb l'autèntic.</p>

<p>La manta de Llana Llisa Blava està elaborada amb llana natural. Amb un gramatge de 400 g/m², destaca pel seu gruix i calidesa, ideal per a les nits fredes o per als qui busquen el màxim confort. Cada detall i la qualitat del seu teixit et conviden a experimentar la calor i la calma en cada instant, convertint cada moment en un refugi de benestar.</p>
