{"id":3646,"date":"2025-09-10T07:27:35","date_gmt":"2025-09-10T06:27:35","guid":{"rendered":"https:\/\/artesaniamantasdelana.com\/?post_type=product&#038;p=3646"},"modified":"2026-04-06T19:17:18","modified_gmt":"2026-04-06T18:17:18","slug":"manta-de-lana-clasica","status":"publish","type":"product","link":"https:\/\/artesaniamantasdelana.com\/ca\/manta-de-lana-clasica\/","title":{"rendered":"Manta de Llana Cl\u00e0ssica"},"content":{"rendered":"<h3>Calidesa que Convida, Bellesa que Abriga<\/h3>\n<p>Confeccionada de manera <strong>artesanal<\/strong>, aquesta manta de llana \u00e9s una invitaci\u00f3 a gaudir de l\u2019abric aut\u00e8ntic, inspirat en els h\u00e0bits camperols i el ritme ser\u00e8 de la vida a l\u2019aire lliure.\nGaranteix un equilibri entre <strong>funcionalitat, tradici\u00f3 i est\u00e8tica<\/strong>. Ja sigui estesa sobre l'herba en un p\u00edcnic, acompanyant-te en una tarda de c\u00e0mping o desplegada als peus del llit, transforma qualsevol espai en un refugi c\u00e0lid i acollidor. A m\u00e9s, \u00e9s ideal per a cuidar els teus grans i oferir-los amor i confort a la cadira de rodes.<\/p>\n<p>Els seus colors evoquen les llargues nits d'hivern a la calor del foc, aportant una sensaci\u00f3 de <strong>serenor i arrelament<\/strong>. A la llar, es converteix en un imprescindible per als qui busquen harmonia, benestar i bellesa en cada rac\u00f3.<\/p>\n<p>\u00c9s, sens dubte, una de les millors opcions per als qui desitgen gaudir del confort sense renunciar a l'autenticitat del natural. La Cl\u00e0ssica \u00e9s molt m\u00e9s que un abric: \u00e9s una pe\u00e7a que connecta amb l'essencial, amb el fet a m\u00e0, amb el plaer del simple i el que perdura. T'encantar\u00e0 tenir-la a prop.<\/p>\n<ul data-start=\"998\" data-end=\"1263\" data-is-last-node=\"\" data-is-only-node=\"\">\n<li data-start=\"998\" data-end=\"1263\" data-is-last-node=\"\">\n<p data-start=\"1000\" data-end=\"1263\" data-is-last-node=\"\" class=\"translation-block\">Per qu\u00e8 escollir la <strong>Cl\u00e0ssica<\/strong>: Llana 100% \u2022 funcionalitat, tradici\u00f3 i est\u00e8tica \u2022 bellesa atemporal \u2022 refugi c\u00e0lid i acollidor \u2022 perfecta per a la cadira de rodes.<\/p>\n<\/li>\n<\/ul>","protected":false},"excerpt":{"rendered":"<p>La <strong>Manta de Llana Cl\u00e0ssica<\/strong> combina tradici\u00f3 i calidesa:<strong> 100% llana,<\/strong> quadres de tons naturals amb una discreta ratlla vermella o taronja que aporta un punt de distinci\u00f3. Amb un gramatge de 480 g\/m\u00b2 i unes mides de 150 \u00d7 150 cm, \u00e9s un tapaboques perfecte per al sof\u00e0, els viatges o com a plaid. Afegeix-la a la cistella i experimenta la calidesa natural!<\/p>","protected":false},"featured_media":3676,"comment_status":"open","ping_status":"closed","template":"","meta":[],"product_brand":[],"product_cat":[67],"product_tag":[74],"class_list":{"0":"post-3646","1":"product","2":"type-product","3":"status-publish","4":"has-post-thumbnail","6":"product_cat-mantas-viaje-pastor","7":"product_tag-destacado","8":"pa_medidas-manta-lana-manta-de-lana-de-150x140","10":"first","11":"instock","12":"taxable","13":"shipping-taxable","14":"purchasable","15":"product-type-variable","16":"rtwpvg-product"},"gallery_images":[4577,4578,4579,4580],"_links":{"self":[{"href":"https:\/\/artesaniamantasdelana.com\/ca\/wp-json\/wp\/v2\/product\/3646","targetHints":{"allow":["GET"]}}],"collection":[{"href":"https:\/\/artesaniamantasdelana.com\/ca\/wp-json\/wp\/v2\/product"}],"about":[{"href":"https:\/\/artesaniamantasdelana.com\/ca\/wp-json\/wp\/v2\/types\/product"}],"replies":[{"embeddable":true,"href":"https:\/\/artesaniamantasdelana.com\/ca\/wp-json\/wp\/v2\/comments?post=3646"}],"wp:featuredmedia":[{"embeddable":true,"href":"https:\/\/artesaniamantasdelana.com\/ca\/wp-json\/wp\/v2\/media\/3676"}],"wp:attachment":[{"href":"https:\/\/artesaniamantasdelana.com\/ca\/wp-json\/wp\/v2\/media?parent=3646"}],"wp:term":[{"taxonomy":"product_brand","embeddable":true,"href":"https:\/\/artesaniamantasdelana.com\/ca\/wp-json\/wp\/v2\/product_brand?post=3646"},{"taxonomy":"product_cat","embeddable":true,"href":"https:\/\/artesaniamantasdelana.com\/ca\/wp-json\/wp\/v2\/product_cat?post=3646"},{"taxonomy":"product_tag","embeddable":true,"href":"https:\/\/artesaniamantasdelana.com\/ca\/wp-json\/wp\/v2\/product_tag?post=3646"}],"curies":[{"name":"wp","href":"https:\/\/api.w.org\/{rel}","templated":true}]}}

Manta de Llana Clàssica

<h3>Calidesa que Convida, Bellesa que Abriga</h3>
<p>Confeccionada de manera <strong>artesanal</strong>, aquesta manta de llana és una invitació a gaudir de l’abric autèntic, inspirat en els hàbits camperols i el ritme serè de la vida a l’aire lliure.
Garanteix un equilibri entre <strong>funcionalitat, tradició i estètica</strong>. Ja sigui estesa sobre l'herba en un pícnic, acompanyant-te en una tarda de càmping o desplegada als peus del llit, transforma qualsevol espai en un refugi càlid i acollidor. A més, és ideal per a cuidar els teus grans i oferir-los amor i confort a la cadira de rodes.</p>
<p>Els seus colors evoquen les llargues nits d'hivern a la calor del foc, aportant una sensació de <strong>serenor i arrelament</strong>. A la llar, es converteix en un imprescindible per als qui busquen harmonia, benestar i bellesa en cada racó.</p>
<p>És, sens dubte, una de les millors opcions per als qui desitgen gaudir del confort sense renunciar a l'autenticitat del natural. La Clàssica és molt més que un abric: és una peça que connecta amb l'essencial, amb el fet a mà, amb el plaer del simple i el que perdura. T'encantarà tenir-la a prop.</p>
<ul data-start="998" data-end="1263" data-is-last-node="" data-is-only-node="">
<li data-start="998" data-end="1263" data-is-last-node="">
<p data-start="1000" data-end="1263" data-is-last-node="" class="translation-block">Per què escollir la <strong>Clàssica</strong>: Llana 100% • funcionalitat, tradició i estètica • bellesa atemporal • refugi càlid i acollidor • perfecta per a la cadira de rodes.</p>
</li>
</ul>

<p>La <strong>Manta de Llana Clàssica</strong> combina tradició i calidesa:<strong> 100% llana,</strong> quadres de tons naturals amb una discreta ratlla vermella o taronja que aporta un punt de distinció. Amb un gramatge de 480 g/m² i unes mides de 150 × 150 cm, és un tapaboques perfecte per al sofà, els viatges o com a plaid. Afegeix-la a la cistella i experimenta la calidesa natural!</p>
