{"id":3665,"date":"2025-09-10T07:27:36","date_gmt":"2025-09-10T06:27:36","guid":{"rendered":"https:\/\/artesaniamantasdelana.com\/?post_type=product&#038;p=3665"},"modified":"2026-02-17T12:51:26","modified_gmt":"2026-02-17T11:51:26","slug":"capa-de-lana","status":"publish","type":"product","link":"https:\/\/artesaniamantasdelana.com\/ca\/capa-de-lana\/","title":{"rendered":"Capa de Llana"},"content":{"rendered":"<p data-start=\"350\" data-end=\"935\">La <strong data-start=\"377\" data-end=\"394\">Capa Her\u00e8ncia<\/strong> fa honor al seu nom: tradici\u00f3, confort i estil en una pe\u00e7a de <strong data-start=\"464\" data-end=\"477\" data-is-only-node=\"\">llana 100%<\/strong> pensada per a acompanyar-te en els dies freds. El seu disseny obert de punt cau amb flu\u00efdesa i s'adapta a diferents estils, ja sigui a la muntanya, al camp, al poble o caminant per la ciutat. Amb mesures generoses (1,40 \u00d7 1,20 m), ofereix un abric agradable sense afegir pes, i aporta aquest toc de singularitat que eleva qualsevol conjunt. Tria el model que millor s\u2019adapti a la teva manera de vestir i aposta per una pe\u00e7a natural de sempre, c\u00f2moda i elegant.<\/p>\n<ul data-start=\"937\" data-end=\"1168\" data-is-last-node=\"\" data-is-only-node=\"\">\n<li data-start=\"937\" data-end=\"1168\" data-is-last-node=\"\">\n<p data-start=\"939\" data-end=\"1168\" data-is-last-node=\"\">Per qu\u00e8 t'encantar\u00e0: calor natural i agradable \u2022 disseny obert vers\u00e0til que afavoreix \u2022 mesures \u00e0mplies (1,40 \u00d7 1,20 m) per a un ajust c\u00f2mode \u2022 complement de llana 100% que transpira \u2022 un toc de distinci\u00f3 per a qualsevol look.<\/p>\n<\/li>\n<\/ul>","protected":false},"excerpt":{"rendered":"<p>Abra\u00e7a l'hivern amb la <strong data-start=\"69\" data-end=\"86\">Capa Her\u00e8ncia<\/strong>: capa oberta de punt de <strong data-start=\"113\" data-end=\"126\" data-is-only-node=\"\">llana 100%<\/strong>, \u00e0mplia i acollidora  (1,40 \u00d7 1,20 m) per a abrigar-te amb eleg\u00e0ncia. Tria el model que va amb tu i dona-li als teus looks aquest toc natural i distingit que sempre funciona. Vesteix-la i sent la\ncalor aut\u00e8ntica de la llana!<\/p>","protected":false},"featured_media":3705,"comment_status":"closed","ping_status":"closed","template":"","meta":[],"product_brand":[],"product_cat":[703],"product_tag":[],"class_list":{"0":"post-3665","1":"product","2":"type-product","3":"status-publish","4":"has-post-thumbnail","6":"product_cat-capas-lana","8":"first","9":"instock","10":"taxable","11":"shipping-taxable","12":"purchasable","13":"product-type-variable","14":"rtwpvg-product"},"gallery_images":[3706,3707,3708,3709],"_links":{"self":[{"href":"https:\/\/artesaniamantasdelana.com\/ca\/wp-json\/wp\/v2\/product\/3665","targetHints":{"allow":["GET"]}}],"collection":[{"href":"https:\/\/artesaniamantasdelana.com\/ca\/wp-json\/wp\/v2\/product"}],"about":[{"href":"https:\/\/artesaniamantasdelana.com\/ca\/wp-json\/wp\/v2\/types\/product"}],"replies":[{"embeddable":true,"href":"https:\/\/artesaniamantasdelana.com\/ca\/wp-json\/wp\/v2\/comments?post=3665"}],"wp:featuredmedia":[{"embeddable":true,"href":"https:\/\/artesaniamantasdelana.com\/ca\/wp-json\/wp\/v2\/media\/3705"}],"wp:attachment":[{"href":"https:\/\/artesaniamantasdelana.com\/ca\/wp-json\/wp\/v2\/media?parent=3665"}],"wp:term":[{"taxonomy":"product_brand","embeddable":true,"href":"https:\/\/artesaniamantasdelana.com\/ca\/wp-json\/wp\/v2\/product_brand?post=3665"},{"taxonomy":"product_cat","embeddable":true,"href":"https:\/\/artesaniamantasdelana.com\/ca\/wp-json\/wp\/v2\/product_cat?post=3665"},{"taxonomy":"product_tag","embeddable":true,"href":"https:\/\/artesaniamantasdelana.com\/ca\/wp-json\/wp\/v2\/product_tag?post=3665"}],"curies":[{"name":"wp","href":"https:\/\/api.w.org\/{rel}","templated":true}]}}

<p data-start="350" data-end="935">La <strong data-start="377" data-end="394">Capa Herència</strong> fa honor al seu nom: tradició, confort i estil en una peça de <strong data-start="464" data-end="477" data-is-only-node="">llana 100%</strong> pensada per a acompanyar-te en els dies freds. El seu disseny obert de punt cau amb fluïdesa i s'adapta a diferents estils, ja sigui a la muntanya, al camp, al poble o caminant per la ciutat. Amb mesures generoses (1,40 × 1,20 m), ofereix un abric agradable sense afegir pes, i aporta aquest toc de singularitat que eleva qualsevol conjunt. Tria el model que millor s’adapti a la teva manera de vestir i aposta per una peça natural de sempre, còmoda i elegant.</p>
<ul data-start="937" data-end="1168" data-is-last-node="" data-is-only-node="">
<li data-start="937" data-end="1168" data-is-last-node="">
<p data-start="939" data-end="1168" data-is-last-node="">Per què t'encantarà: calor natural i agradable • disseny obert versàtil que afavoreix • mesures àmplies (1,40 × 1,20 m) per a un ajust còmode • complement de llana 100% que transpira • un toc de distinció per a qualsevol look.</p>
</li>
</ul>

<p>Abraça l'hivern amb la <strong data-start="69" data-end="86">Capa Herència</strong>: capa oberta de punt de <strong data-start="113" data-end="126" data-is-only-node="">llana 100%</strong>, àmplia i acollidora  (1,40 × 1,20 m) per a abrigar-te amb elegància. Tria el model que va amb tu i dona-li als teus looks aquest toc natural i distingit que sempre funciona. Vesteix-la i sent la
calor autèntica de la llana!</p>
